 4. What is i(g)?
7
Suppose 13 = 5*m - 82. Let w(b) = -4 + 3*b**2 + 18*b - m*b + b**3 - b**2. Determine w(-3).
-10
Let v(a) = -a**3 + 4*a**2 - a + 4. Suppose t + 6 - 9 = 0. Calculate v(t).
10
Let a(f) = f + 2. Let l(k) = 3*k**3 + k**2. Let v be l(1). Suppose y + 30 = -v*y. Calculate a(y).
-4
Let d(u) = 138 - 285 - u + 142. What is d(0)?
-5
Let x(h) be the first derivative of -h**4/2 - h**3 - h**2 - h + 1. Let l be 13*(2 + -5 - -4). Suppose 0 = 2*a - l + 17. Determine x(a).
7
Let w(m) = -4*m + 4*m + m. Let x be w(-3). Let j(z) = -z**3 - z**2 + z. Let r(c) = -c**3 + 2*c**2 + 5*c - 2. Let k(n) = 2*j(n) - r(n). What is k(x)?
2
Let w(i) = 0*i - i - 2*i - 5 + 6*i. Suppose y = a - 1, 2*a - 4*a - y = -11. Give w(a).
7
Let u(t) = t + 7. Let n(w) = -1. Let m(v) = -v**3 - 3*v**2 + v - 1. Let k be m(-3). Let f(c) = k*n(c) - u(c). Determine f(-4).
1
Let r(p) = 5*p**3 - 6*p**2 + 11*p + 13. Let a be (13 - -1)*1/(-2). Let s(q) = 2*q**3 - 3*q**2 + 5*q + 6. Let j(k) = a*s(k) + 3*r(k). What is j(-3)?
3
Let w be (-4 - (-9 + 4))*-6. Let u(p) = p**3 + 5*p**2 - 4*p + 4. Calculate u(w).
-8
Let u = 6 - 1. Let y(q) = 2 + 27*q**2 + 22*q**2 + 24*q**2 - 2*q - 72*q**2. Calculate y(u).
17
Let h(m) = -5*m. Let c(u) = 2*u**2 - u - 2. Let z be c(2). Let s(o) = 9*o + 1 - 2*o + 4*o. Let d(r) = z*s(r) + 9*h(r). Give d(3).
1
Let q(z) = 4 - 2*z**2 - 1 + 10*z**3 - 25*z**3 - 2. Give q(1).
-16
Let t = -8 + 15. Let y(z) = 9 + 2*z**2 - 3*z**2 - t - 3. Let g(n) = -n**2 - 4*n - 2. Let s be g(-4). Determine y(s).
-5
Let g(w) = 6*w**2 - 5*w + 36. Let y(j) = j**2 - j + 7. Let z(b) = -2*g(b) + 11*y(b). Calculate z(-4).
-7
Let v(i) = i**2 - 5*i + 5. Let u be v(5). Suppose 0*z + z - 7 = 0. Let g(t) = 4*t**2 + 0*t**2 - t**2 + z + 2*t - 4*t**2. Determine g(u).
-8
Let i(v) = v**2 + 4*v - 1. Let t be i(-2). Let b(w) = 4*w**2 + w + 7. Let x(d) = -3*d**2 - 2*d - 6. Let y(f) = -2*b(f) - 3*x(f). Determine y(t).
9
Let z = 6 + -2. Let a(h) = h**2 - 3*h - 1. Determine a(z).
3
Let m(u) = -u**3 - 4*u**2 + 5*u + 5. Let j = 5 - -11. Suppose o + 4*v + 2 = 3, -2*v = -4*o + 22. Suppose -d = -o*i, -4*d - j = 2*i + 6. Give m(d).
5
Suppose -3*r + 12 = r. Let a(m) = m - 2*m**3 - 1 + m**r + 2*m**2 - m**3. What is a(2)?
-7
Let i(d) = -2*d**2 + 3*d. Let f = -11 + 13. Give i(f).
-2
Let d(p) be the second derivative of -p**5/20 - 5*p**4/6 - 3*p**3/2 + 3*p**2 - 17*p. Give d(-9).
6
Let l(t) = -5*t - 39*t**2 + 38*t**2 - 6 + 3. Determine l(-3).
3
Suppose 0 = 2*f - f + 2. Let g be (-6)/(-4) + (-1)/f. Let q(h) = h**3 - 3*h**2 + 3*h - 3. Give q(g).
-1
Let v(b) be the second derivative of -b**4/12 - 5*b**3/2 - 10*b**2 + 10*b. What is v(-14)?
-6
Let p(u) = u**2 + 1. Let t(v) = -3*v**2 - 1. Let b be -1*(1 + 0/2). Let n(w) = b*t(w) - 2*p(w). Suppose -8*g - 23 = -7. Give n(g).
3
Let v(g) = 6*g**3 - 2*g**2 - 2*g - 1. Let d(c) = 6*c**3 - 2*c**2 - 3*c - 2. Let l(j) = 2*d(j) - 3*v(j). Let u = -13 - -14. Give l(u).
-5
Let a(r) = -6*r - 8 + 2*r + 9. Let c(o) = 2*o + 7. Let l be c(-3). What is a(l)?
-3
Let m(u) = 3*u + u**2 + 1 - u - 2*u. Determine m(-1).
2
Let o(h) = -3*h**3 + 0*h**3 + 2*h**3 - 3*h + 8*h**2 - 3*h**2. Calculate o(4).
4
Let z(t) = -2*t - 47*t**2 - 1 + t + 56*t**2. Let o(g) = -g**2 - 3*g - 3. Let c be o(-2). What is z(c)?
9
Let y be (-10)/(8/(-4 - 0)). Suppose 0 = 3*z + 11 - y. Let a(t) = -2*t**3 - 2*t**2 + t + 2. Calculate a(z).
8
Let p(x) be the first derivative of x**4 + x**3/3 - x**2/2 - x - 3. Let d be -1*(-1 + 1) + -1. Determine p(d).
-3
Let b(l) = l**2 + 2*l - 1. Let x(v) = -v**2 - 3*v + 1. Let z(j) = -3*b(j) - 4*x(j). Let f(g) = g**2 + 6*g - 5. Let t be f(-6). Give z(t).
-6
Let m(c) be the third derivative of -c**5/60 + 5*c**4/24 + c**3/3 - c**2. Let b be (3/(-6))/(4/(-40)). Determine m(b).
2
Let y(b) be the first derivative of b**5/20 - b**4/3 - b**3/2 - b**2 - 6*b + 3. Let r(n) be the first derivative of y(n). Determine r(4).
-14
Suppose 2*w + 3*z + 11 = -3*w, -3*w + 3*z + 3 = 0. Let y(d) = 5*d**3 - 9*d**3 + 10*d**3. Give y(w).
-6
Let i(z) = z**2 + 3*z - 4. Suppose -u + 5 = 4*j, -2*j + 2 = 2*u + 2*j. Let b(f) = -f**2 - 3*f + 3. Let c(g) = u*b(g) - 2*i(g). Determine c(-3).
-1
Let f(k) = 2*k**2 + 4*k. Let i(n) = n. Let s(c) = -f(c) + 6*i(c). Calculate s(2).
-4
Let h be ((-10)/2)/((-25)/10). Let v(f) = f**3 - 2. Give v(h).
6
Let n be (-8)/(-20) + (-40)/(-25). Let h(k) be the third derivative of -k**6/120 + k**5/20 - k**3/3 + k**2. Give h(n).
2
Let p(z) = z**2 - 4*z - 5. Let x be (7 + -6)*(-1 - 0). Let b be x + 9/3 + 2. Determine p(b).
-5
Suppose 0*r + 6*r = -6. Let p(g) = -7*g - 1. Calculate p(r).
6
Let n(x) = -x**3 + 5*x**2 + x + 3. Let l(w) = -13*w. Let u be l(-1). Suppose u + 7 = 5*k. Suppose 3 = k*c - 17. Calculate n(c).
8
Suppose -j + 3*g - 14 = -0*g, 0 = -4*j - 2*g. Let o(w) = 3*w + 2. Calculate o(j).
-4
Let y(p) = p**3 - 5*p**2 - 6*p + 2. Let k be y(6). Let v(a) = 1 - a**k - a**3 + 4*a**2 + 4*a + 1. Let h(s) = s**2 + 4*s - 8. Let o be h(-6). Calculate v(o).
2
Suppose -8 = 5*s + 2*c + 21, -8 = 4*c. Let x(i) = -7 - i + 7 - 6. What is x(s)?
-1
Let n(m) = 3*m**2 - 4*m + 2. Let z be n(2). Let b(i) = 2*i - 9. Calculate b(z).
3
Let f(j) be the second derivative of 1/2*j**2 - j - 1/6*j**4 + 0 - 1/6*j**3. Let w = -3 + 4. Give f(w).
-2
Suppose 0 = -n + 2*r - 8, 4*n + 3*r = 7*n + 15. Let d(p) be the second derivative of p**4/4 + p**3/2 + p**2/2 + p. What is d(n)?
7
Let b(m) = 15*m**2 - 12*m + 14*m - 2 - 17*m**2 + m**3. What is b(2)?
2
Let v be (15/6*-4)/(-2). Suppose 5*t = -v*a + 25, -t + 2*t - 5*a = -13. Let k(d) = -d**t - 2*d - d**3 - 2 - 1 + 5*d**2. Determine k(3).
0
Let c be -76*(-2)/4*1. Suppose 0 = 5*b + 5*g - 19 - 31, 0 = -4*b - 3*g + c. Let d = 4 - b. Let p(s) = -s**2 - 4*s + 4. Determine p(d).
4
Let a(x) be the third derivative of -x**4/24 - 4*x**3/3 - 5*x**2. Let v = -6 + 0. What is a(v)?
-2
Let g(t) = 4*t - 35. Let q(r) = r - 9. Let k(n) = -2*g(n) + 9*q(n). Give k(8).
-3
Let y(w) = -7*w**2 - 5*w + 6. Let c(p) = 4*p**2 + 2*p - 3. Let h(k) = -5*c(k) - 3*y(k). Give h(-4).
-7
Let r(t) be the first derivative of -t**3/3 - 5*t**2/2 - 4*t + 17. What is r(-6)?
-10
Let s(i) = -3 + 4*i**3 + 8*i**2 - i - 10*i**2 + 3. Calculate s(-1).
-5
Let q = -2 + 1. Let o(a) = a**3 - 2*a - 6. Let l(k) = -k - 1. Let r(z) = z + 1. Let i(h) = -7*l(h) - 6*r(h). Let f(m) = q*o(m) - 3*i(m). Give f(0).
3
Suppose -2*o - 2*o = 0. Let s(k) = -k + 6. Determine s(o).
6
Let a(x) = x**2 - 4 - 2*x**2 - 4 - x + 2. Let c(i) = i**2 + i + 6. Let w(f) = 2*a(f) + 3*c(f). Let v be 1/4 + (-4)/16. Give w(v).
6
Suppose 4*n = -5*j - 5, 2*n - 2*j + 4*j = 0. Let q(c) = -c**3 + 4*c**2 + 5*c + 7. Calculate q(n).
7
Let z be (-2)/9 + 6/27. Suppose -12 = -5*i - z*r + 3*r, -3*r - 12 = 5*i. Let m(d) = d**2 - d + 2. Give m(i).
2
Let x(t) be the first derivative of -11*t**4/4 - t**3/3 - t**2/2 - t - 33. Determine x(-1).
10
Let g(h) = h**2 + 10*h + 2. Let w(j) = 2*j**3 - 36*j**2 - 3*j + 44. Let c be w(18). Calculate g(c).
2
Let j be (-3)/(-6) - ((-7)/2 + 2). Let k(h) = 3*h**2 - 2*h + 2. Calculate k(j).
10
Let s(z) = -1 - 6 - z - 2*z. Suppose 4*t + 5*v - 35 = -2, t - 22 = -4*v. Let i(j) = -3*j - 6. Let k(u) = t*s(u) - 3*i(u). Give k(-3).
-5
Let r(d) = -3*d**2 + 10*d + 1. Let u(h) = -2*h + 1. Let w be u(2). Let g(z) = -2*z**2 + 9*z + 2. Let v(t) = w*r(t) + 4*g(t). What is v(-4)?
-3
Let u = 12 + -18. Let n(p) = p**2 + 7*p - 6. Determine n(u).
-12
Let g(l) = l**2 + 3*l - 6. Suppose 4*t + 6 - 46 = 0. Suppose -a = -2*a. Suppose -2*n - t = -a*n. Determine g(n).
4
Let t(k) = k**2 + 5*k + 1. Let o(g) = g**3 + 8*g**2 + 9*g + 8. Let n be o(-7). Calculate t(n).
7
Suppose -2*v - 10 = -0*v. Let p(y) = y + 1. Calculate p(v).
-4
Let n(g) = g - 10. Let c = -137 + 143. Determine n(c).
-4
Let k(p) = -p**3 + 8*p**2 + 5*p + 3. Let w be (-4)/(-3 - (0 + -1)). Let z(i) = -4*i**3 + 25*i**2 + 15*i + 10. Let h(t) = w*z(t) - 7*k(t). Give h(-5).
-1
Let u(g) = 17*g**2 + 2*g - 13*g**2 + 1 - 10*g**2. What is u(-1)?
-7
Let j(u) = u**2 + 3*u. Let q(f) = f**3 - 12*f**2 + 13*f - 26. Let c be q(11). What is j(c)?
4
Let f be 2/(((-8)/6)/(-2)). Let x(w) = 4*w**3 + 1 + 4*w - 4*w**f + 4*w**2 - 3*w - w**3. Determine x(4).
5
Let q(y) = y**2 - 3*y + 1. Suppose u + 0*u - 3 = 0. Suppose -7*n + u*n + 8 = 0. Calculate q(n).
-1
Let n be 2*1*(-70)/28. Let u(h) be the first derivative of -h**5/120 - h**4/8 - h**3 + 2.